33185768.
2, 7, 11, 17, 3169
List the prime factors of 1859855.
5, 371971
List the prime factors of 15910216.
2, 7, 284111
List the prime factors of 419659.
29, 499
List the prime factors of 30772.
2, 7, 157
What are the prime factors of 638541?
3, 70949
List the prime factors of 397507.
11, 36137
List the prime factors of 206504.
2, 83, 311
What are the prime factors of 438699?
3, 257, 569
What are the prime factors of 3531449?
137, 149, 173
List the prime factors of 10228704.
2, 3, 47, 2267
List the prime factors of 623011.
757, 823
List the prime factors of 9297769.
13, 293, 2441
List the prime factors of 5418466.
2, 2709233
List the prime factors of 12739147.
557, 22871
What are the prime factors of 164449?
164449
List the prime factors of 368673.
3, 122891
What are the prime factors of 257622?
2, 3, 42937
What are the prime factors of 16395677?
607, 27011
List the prime factors of 2899290.
2, 3, 5, 96643
List the prime factors of 1950540.
2, 3, 5, 19, 29, 59
List the prime factors of 519999.
3, 29, 43, 139
List the prime factors of 1578203.
11, 13043
What are the prime factors of 43034?
2, 21517
List the prime factors of 193727.
193727
List the prime factors of 1751989.
499, 3511
List the prime factors of 24314327.
24314327
What are the prime factors of 814444?
2, 37, 5503
What are the prime factors of 1057959?
3, 7, 2399
List the prime factors of 36658777.
36658777
What are the prime factors of 36713?
36713
What are the prime factors of 33748384?
2, 571, 1847
List the prime factors of 1054014.
2, 3, 13, 13513
What are the prime factors of 2357078?
2, 401, 2939
What are the prime factors of 7611612?
2, 3, 634301
What are the prime factors of 153733?
153733
List the prime factors of 2217268.
2, 554317
What are the prime factors of 12645?
3, 5, 281
List the prime factors of 130735.
5, 11, 2377
List the prime factors of 872597.
11, 23, 3449
List the prime factors of 32543.
7, 4649
List the prime factors of 3512001.
3, 1170667
List the prime factors of 956407.
41, 23327
What are the prime factors of 3722214?
2, 3, 19, 103, 317
List the prime factors of 205967.
205967
What are the prime factors of 46430?
2, 5, 4643
What are the prime factors of 13880769?
3, 7, 94427
What are the prime factors of 240574?
2, 37, 3251
What are the prime factors of 6118698?
2, 3, 1019783
List the prime factors of 17573.
17573
List the prime factors of 2404284.
2, 3, 200357
List the prime factors of 441059.
97, 4547
List the prime factors of 303830.
2, 5, 23, 1321
What are the prime factors of 226458?
2, 3, 23, 547
What are the prime factors of 18321647?
1627, 11261
What are the prime factors of 22824?
2, 3, 317
What are the prime factors of 3158477?
7, 29, 15559
List the prime factors of 6064962.
2, 3, 23, 71, 619
List the prime factors of 457900.
2, 5, 19, 241
List the prime factors of 24048201.
3, 101, 79367
What are the prime factors of 169940?
2, 5, 29, 293
What are the prime factors of 1922878?
2, 739, 1301
List the prime factors of 217015.
5, 43403
List the prime factors of 244237.
7, 23, 37, 41
List the prime factors of 2416687.
7, 13, 26557
What are the prime factors of 817772?
2, 204443
What are the prime factors of 107911?
31, 59
List the prime factors of 67052.
2, 16763
What are the prime factors of 245297?
13, 18869
List the prime factors of 2081371.
31, 67141
List the prime factors of 24533103.
3, 7, 1168243
What are the prime factors of 4494260?
2, 5, 19, 11827
List the prime factors of 1015680.
2, 3, 5, 23
What are the prime factors of 913181?
29, 31489
List the prime factors of 68824.
2, 7, 1229
What are the prime factors of 3197239?
3197239
What are the prime factors of 514828?
2, 17, 67, 113
List the prime factors of 14147394.
2, 3, 37, 63727
What are the prime factors of 13153140?
2, 3, 5, 7, 11, 13, 73
List the prime factors of 26523860.
2, 5, 11, 120563
What are the prime factors of 1099106?
2, 549553
List the prime factors of 10609788.
2, 3, 7, 126307
What are the prime factors of 2440741?
17, 143573
What are the prime factors of 3245914?
2, 7, 47, 4933
What are the prime factors of 189458?
2, 43, 2203
List the prime factors of 720747.
3, 53, 1511
What are the prime factors of 2787772?
2, 13, 53611
List the prime factors of 129465.
3, 5, 7, 137
What are the prime factors of 3131771?
3131771
List the prime factors of 1166211.
3, 47, 919
List the prime factors of 4377196.
2, 1094299
What are the prime factors of 1103546?
2, 551773
What are the prime factors of 15245960?
2, 5, 113, 3373
What are the prime factors of 1771093?
1771093
List the prime factors of 399734.
2, 269, 743
What are the prime factors of 725376?
2, 3, 1889
What are the prime factors of 20083065?
3, 5, 1338871
List the prime factors of 25094557.
439, 57163
What are the prime factors of 1491141?
3, 497047
List the prime factors of 76783.
7, 1567
List the prime factors of 34560.
2, 3, 5
What are the prime factors of 1109494?
2, 554747
What are the prime factors of 3463175?
5, 83, 1669
List the prime factors of 1214879.
19, 43, 1487
List the prime factors of 87992.
2, 17, 647
What are the prime factors of 174800?
2, 5, 19, 23
List the prime factors of 5742.
2, 3, 11, 29
What are the prime factors of 13652887?
17, 19, 43, 983
List the prime factors of 566728.
2, 70841
List the prime factors of 908639.
313, 2903
What are the prime factors of 209743?
209743
What are the prime factors of 2487439?
2487439
What are the prime factors of 654201?
3, 72689
What are the prime factors of 246631?
7, 11, 3203
List the prime factors of 497876.
2, 19, 6551
List the prime factors of 3777278.
2, 197, 9587
What are the prime factors of 545377?
7, 17, 4583
List the prime factors of 7225476.
2, 3, 17, 35419
List the prime factors of 5131278.
2, 3, 285071
What are the prime factors of 5042356?
2, 11, 114599
What are the prime factors of 258801?
3, 281, 307
List the prime factors of 10188222.
2, 3, 11, 29, 5323
What are the prime factors of 4097789?
47, 87187
List the prime factors of 329988.
2, 3, 107, 257
List the prime factors of 1928061.
3, 59, 3631
List the prime factors of 371761.
13, 28597
List the prime factors of 189162.
2, 3, 31, 113
What are the prime factors of 46292?
2, 71, 163
What are the prime factors of 1276439?
19, 67181
What are the prime factors of 68510?
2, 5, 13, 17, 31
List the prime factors of 300574.
2, 150287
List the prime factors of 289274.
2, 53, 2729
List the prime factors of 330705.
3, 5, 7349
List the prime factors of 15316488.
2, 3, 11, 83, 233
What are the prime factors of 12921304?
2, 11, 146833
List the prime factors of 744972.
2, 3, 62081
List the prime factors of 10147427.
127, 79901
What are the prime factors of 145725?
3, 5, 29, 67
What are the prime factors of 895916?
2, 7, 653
What are the prime factors of 83861?
17, 4933
List the prime factors of 145750.
2, 5, 11, 53
List the prime factors of 1031515.
5, 206303
List the prime factors of 7428892.
2, 751, 2473
What are the prime factors of 1640734?
2, 820367
What are the prime factors of 162407?
7, 23201
List the prime factors of 6697337.
17, 393961
What are the prime factors of 9164153?
317, 28909
List the prime factors of 271007.
11, 71, 347
What are the prime factors of 3602913?
3, 19, 31, 2039
What are the prime factors of 803674?
2, 389, 1033
List the prime factors of 342831.
3, 114277
What are the prime factors of 11063704?
2, 1063, 1301
What are the prime factors of 3432250?
2, 5, 13729
What are the prime factors of 2921196?
2, 3, 243433
List the prime factors of 829318.
2, 7, 37, 1601
What are the prime factors of 214443?
3, 23827
List the prime factors of 1781140.
2, 5, 89057
List the prime factors of 996065.
5, 7, 149, 191
What are the prime factors of 1692643?
29, 58367
List the prime factors of 159544.
2, 7, 11, 37
List the prime factors of 1662615.
3, 5, 36947
List the prime factors of 70549.
70549
What are the prime factors of 189426?
2, 3, 131, 241
List the prime factors of 5037068.
2, 29, 173, 251
What are the prime factors of 493846?
2, 246923
List the prime factors of 29057503.
131, 221813
What are the prime factors of 5766130?
2, 5, 576613
What are the prime factors of 3061455?
3, 5, 83, 2459
List the prime factors of 1180905.
3, 5, 11, 17, 421
List the prime factors of 97565.
5, 13, 19, 